der when z(-6) is divided by 10?
7
Let t(h) = 6*h**2 + h - 2. Calculate the remainder when 4/(-18) + 1264/18 is divided by t(2).
22
Let o(a) = a**3 - 8*a**2 + 7*a - 7. Calculate the remainder when o(8) is divided by 10.
9
Let f(g) = 14*g**2 - 3*g - 17. Let c(w) = 5*w**2 - w - 6. Let j(v) = 17*c(v) - 6*f(v). Let y = -11 - -8. Calculate the remainder when 16 is divided by j(y).
4
Let f = -19 + 49. What is the remainder when f is divided by (0 - 4)/(12/8 + -2)?
6
Suppose 3*n - 84 = -n + 2*m, 2*n - 4*m - 54 = 0. Calculate the remainder when (-2)/(-4)*-6 - -38 is divided by n.
16
Let z(m) = -6*m**3 - m**2 + 2*m - 1. Let x be z(1). Let r be (0*(-3)/x)/(-1). Suppose -4*g = -r*g - 48. What is the remainder when 34 is divided by g?
10
Suppose -8*l = -7*l - 2. Calculate the remainder when l is divided by 1.
0
Suppose 20 = 4*l - 0. Suppose 0 = l*f - 205 - 40. What is the remainder when f is divided by 13?
10
Let k = 8 + -6. Suppose 0 = -4*u - 3*h + 15, 4*u + 4*h = k + 18. Suppose 96 = 3*l - u*l. Calculate the remainder when l is divided by 11.
10
Suppose 4*y - 3 = r, -4*r - 5*y = -0*r - 30. Calculate the remainder when r is divided by 2.
1
Let v = -20 + 7. Let k = v - -23. Suppose 0 = 3*n - 5*m + 8, -2*n + 46 = 5*m + 18. What is the remainder when k is divided by n?
2
Suppose -4*u = -5*a - 35, -a - 21 - 49 = -5*u. Let y(h) = -5*h - 1. What is the remainder when y(-6) is divided by u?
14
Let n = -53 + 89. Calculate the remainder when 106 is divided by n.
34
Let u = 0 + -3. Calculate the remainder when (-58)/(-3) + 1/u is divided by 6.
1
Suppose -2*s - 3*s - 5 = -w, 5*w = -4*s + 141. Suppose -3*m - 2*m = j - 356, 5*m - 340 = -5*j. Calculate the remainder when m is divided by w.
22
Let m(o) = -2 + 2 + 11*o - o**2 + 5. What is the remainder when m(8) is divided by 8?
5
Suppose 4*v + 3*m = 103, -2*m - 16 = -v - 6*m. Suppose 0 = -3*k + 7*k - v. Let q(w) = -w + 13. Calculate the remainder when q(0) is divided by k.
6
Suppose 45 = 5*r - 10. Calculate the remainder when 54 is divided by r.
10
Let m = -4 - -27. Let w(v) = 2*v**2 + 5*v. Calculate the remainder when m is divided by w(-4).
11
Let j(v) = -v**2 - 2*v**3 - 4*v**2 - 3 + v - 4*v. Suppose -5*q - 14 = 3*z, 5*q = -2*z + 2 - 13. Calculate the remainder when 43 is divided by j(z).
13
Suppose -70 = -5*z - 0*x + 5*x, 3*x - 62 = -5*z. Suppose -2*f = -7 - z. Calculate the remainder when f is divided by 6.
4
Suppose 5*h + 34 = 249. What is the remainder when h is divided by ((-26)/(-10) + -2)/(1/25)?
13
Suppose -4*n = -44 + 248. What is the remainder when 1 - (n + (-1 - -3)) is divided by 17?
16
Let t be (10/(-6))/((-1)/3). Suppose -t*f = 41 - 136. What is the remainder when 35 is divided by f?
16
Calculate the remainder when 25 is divided by (2 - 5)*1 - -12.
7
Let i(y) = 16*y**2 - 2*y - 4. Suppose -3*v + 0*v = -39. What is the remainder when i(-2) is divided by v?
12
Let o be 132/(-5) - 3/5. Calculate the remainder when 5 is divided by (-48)/o - (-4)/18.
1
Let b be 1 - (0 + -6 - -1). Let t(q) = -6*q + q**2 + q + 254 - 257. What is the remainder when 4 is divided by t(b)?
1
Let r = 1 - -5. Let f(z) = 0 - 2*z**3 - 7 + z**3 + 7*z**2 - 4*z. What is the remainder when 8 is divided by f(r)?
3
Let i(f) = 13*f**2 - 1. Calculate the remainder when 34 is divided by i(-1).
10
Let f(q) be the third derivative of q**6/120 + 7*q**5/60 + 5*q**4/24 - 4*q**2. What is the remainder when f(-4) is divided by 15?
13
Suppose -5*f + 20 = -60. What is the remainder when 62 is divided by f?
14
Let u(a) be the second derivative of -a**5/20 + 9*a**2 - a. Let p = -2 - -2. What is the remainder when u(p) is divided by 10?
8
Suppose 0 = -13*g + 12*g + 15. What is the remainder when 43 is divided by g?
13
What is the remainder when 19 is divided by ((-2)/(-10) - 6/5) + 11?
9
Suppose -10 = -r + y, -3*r + 0*r + 20 = -y. What is the remainder when 13 is divided by r?
3
Suppose -40 = -5*v + 5*w, -3*v - 3*w + 41 = -v. Suppose 6*d = d + 180. Calculate the remainder when d is divided by v.
10
Suppose 4*z + 0*z - 200 = 0. What is the remainder when z is divided by (1 - 5)*17/(-4)?
16
Let h be 3/4*-1*-20. Suppose 0 = 3*i + 2*i - h. What is the remainder when i/(-6) - 9/(-2) is divided by 2?
0
Let o = 0 + 2. Suppose v - 80 = -2*p, 5*p - 6*p - o*v = -46. Let k = 25 - 5. What is the remainder when p is divided by k?
18
Let n(p) be the third derivative of -p**4/24 + 5*p**3/6 + p**2. What is the remainder when n(3) is divided by 1?
0
Suppose 0*a + a = 22. What is the remainder when 85 is divided by a?
19
Let r(w) = 54*w**3 - w**2 - w + 1. Calculate the remainder when 263 is divided by r(1).
51
Suppose -2*f + 41 = 5*u, 0 = -2*f - 2*u + 37 + 13. What is the remainder when 139 is divided by f?
27
Suppose -8*c - 16 = -9*c. Calculate the remainder when 56 is divided by c.
8
Let v(k) = -k + 16. Calculate the remainder when v(9) is divided by 5.
2
What is the remainder when (-1)/((-258)/(-670) + 8/(-20)) is divided by 17?
16
Let c be -3*(-2)/(-6)*-4. Suppose -3*y + 24 = a, 0*y = c*a + y - 52. What is the remainder when 22 is divided by a?
10
What is the remainder when 6 is divided by 0/(-1) - (8 + -10)?
0
Let s(d) be the third derivative of d**4/24 - d**3/6 - 8*d**2. Calculate the remainder when 70 is divided by s(13).
10
Suppose -2*w = 4*u + 3*w - 49, 0 = 3*u + 2*w - 35. What is the remainder when 74 is divided by u?
8
Suppose 2*t + 2*t - 20 = -4*h, -2*h + 28 = 5*t. Let v(f) = 4 + 2*f + t - 4. What is the remainder when 53 is divided by v(6)?
17
Suppose 4*q = -4*k + 34 - 6, -k = -5*q - 37. Suppose 5*i = -n + 32, 2*i = -2*n + 3*i + 42. What is the remainder when n is divided by k?
10
Calculate the remainder when ((-132)/18)/(4/(-60)) is divided by 28.
26
Suppose -p = 3*r - 38, 0 = -3*p - 2*r + 53 + 75. Calculate the remainder when p is divided by 15.
14
Let u(q) = -q - 6. Calculate the remainder when 6 is divided by u(-9).
0
Suppose -6*u - 4 = -64. Calculate the remainder when 47 is divided by u.
7
Let t(n) = 4 - 9 - 4 - 6*n + n**2. Suppose -4*c + 17 - 1 = 0. What is the remainder when t(8) is divided by c?
3
Suppose 3*x - 7*b = -4*b + 24, -1 = 3*x + 2*b. Suppose 8 - 32 = -3*w. What is the remainder when w is divided by x?
2
Let j(t) = -2*t**3 - 8*t**2 - 5*t + 2. What is the remainder when j(-5) is divided by 40?
37
Suppose -l - 205 = -6*l. Calculate the remainder when l is divided by 14.
13
Let f = -37 + 92. Suppose -5*s - v + 68 = 0, -2*s - 2*v + 6 = -18. What is the remainder when f is divided by s?
13
Let p(y) = -y - 3. Let c be p(-5). Suppose 5*j = f + c*f - 49, 4*j = -3*f + 4. Calculate the remainder when f is divided by 5.
3
Let n be 855/12 + 1/(-4). Calculate the remainder when 166/5 - (-1)/(-5) is divided by 9/(-12) - n/(-4).
16
Suppose -3*i + 20 = -2*i. What is the remainder when i is divided by 11?
9
Suppose -11*p - p = -1728. Calculate the remainder when p is divided by 37.
33
Let x = 340 + -333. Calculate the remainder when (-1)/((-11)/(-12) - 1) is divided by x.
5
Suppose 4*h + 18 + 22 = 0. Let w = h + 15. What is the remainder when w is divided by 2?
1
Suppose 2*c - 5*y - 23 = 34, -4*c = -4*y - 108. Let b be 3*(-9)/(54/88). What is the remainder when c is divided by b/(-6) + (-14)/42?
5
Let h(k) = k**2 + 2*k - 1. What is the remainder when h(2) is divided by 4?
3
Let j = -1 - -1. Suppose j*o + o - 3 = 0. What is the remainder when 5 is divided by o?
2
Let b = -56 - -79. Calculate the remainder when 9/((-1)/(-25)*5) is divided by b.
22
Let r = 8 - -5. Let y be (3*5)/(12/8). Suppose -y = 2*s - 4*s. What is the remainder when r is divided by s?
3
Suppose 0 = -4*z - 5 + 1. Let a(n) = 30*n**2 - n. Let w be a(z). Suppose 2*h = w + 5. What is the remainder when h is divided by 10?
8
Let a be (-4)/(-10)*(-5 + 0). Let h(j) = j**3 + j**2 - j + 6. What is the remainder when 1/(66/(-34) - a) is divided by h(0)?
5
Suppose 6*r - 2*r = 5*a + 82, -56 = -3*r + a. What is the remainder when 22 is divided by 40/(-6)*r/(-15)?
6
Let c(w) = 17*w**2 + w. What is the remainder when 49 is divided by c(1)?
13
Suppose -5*z - 5*t + 5 = 0, -z + t + 6 = -5. Calculate the remainder when z/4*(25 + 1) is divided by 20.
19
What is the remainder when 3 + -7 - -3*55 is divided by 42?
35
Let l be -3 + (3 - (-4 + 1)). Let y = 58 + 1. Suppose -l*u + y = -43. Calculate the remainder w